5
What is -6 (base 10) in base 14?
-6
Convert 4 (base 8) to base 15.
4
1141 (base 5) to base 11
146
2032 (base 4) to base 16
8e
-1 (base 7) to base 5
-1
14 (base 5) to base 16
9
What is -153 (base 8) in base 6?
-255
2032 (base 4) to base 5
1032
What is 0 (base 16) in base 2?
0
What is -13 (base 4) in base 13?
-7
Convert 1001110 (base 2) to base 16.
4e
What is -65 (base 7) in base 13?
-38
Convert -11000001 (base 2) to base 15.
-cd
8b (base 12) to base 11
98
0 (base 7) to base 10
0
Convert -3 (base 6) to base 2.
-11
Convert -33 (base 5) to base 11.
-17
13 (base 6) to base 11
9
5 (base 9) to base 15
5
12 (base 9) to base 15
b
-4 (base 8) to base 5
-4
2 (base 12) to base 4
2
What is 122 (base 7) in base 3?
2102
What is 6 (base 9) in base 6?
10
What is -1111111 (base 2) in base 14?
-91
21 (base 15) to base 6
51
What is -1 (base 4) in base 14?
-1
Convert -4 (base 7) to base 8.
-4
Convert -24 (base 9) to base 16.
-16
Convert 2b (base 15) to base 16.
29
111 (base 2) to base 9
7
What is -38 (base 10) in base 16?
-26
3 (base 10) to base 8
3
-c (base 15) to base 9
-13
126 (base 15) to base 2
100000101
Convert -10 (base 2) to base 13.
-2
7 (base 10) to base 12
7
What is 10200 (base 4) in base 6?
1200
3 (base 7) to base 14
3
-2 (base 9) to base 5
-2
Convert -1 (base 2) to base 6.
-1
14b (base 12) to base 15
d8
-1 (base 16) to base 6
-1
2 (base 5) to base 3
2
Convert -4 (base 15) to base 4.
-10
What is 3 (base 11) in base 14?
3
What is -82 (base 11) in base 15?
-60
What is 51 (base 9) in base 2?
101110
What is -1101000 (base 2) in base 11?
-95
Convert -438 (base 9) to base 15.
-18e
Convert -2 (base 13) to base 15.
-2
-58 (base 10) to base 4
-322
What is -354 (base 7) in base 4?
-2322
4 (base 12) to base 4
10
What is 3 (base 7) in base 15?
3
What is -134 (base 7) in base 9?
-82
Convert 62 (base 16) to base 5.
343
What is -33 (base 5) in base 8?
-22
3 (base 11) to base 15
3
What is -1 (base 5) in base 14?
-1
Convert 10 (base 8) to base 9.
8
What is 10 (base 4) in base 12?
4
What is 24 (base 5) in base 3?
112
41 (base 14) to base 9
63
What is -1 (base 8) in base 6?
-1
What is -117 (base 9) in base 2?
-1100001
Convert 7 (base 13) to base 7.
10
What is -2 (base 8) in base 2?
-10
What is -b2 (base 13) in base 16?
-91
What is -66 (base 7) in base 8?
-60
Convert 4 (base 9) to base 16.
4
Convert -3 (base 5) to base 16.
-3
4 (base 5) to base 14
4
-19 (base 13) to base 7
-31
What is -110 (base 14) in base 9?
-253
-1d (base 15) to base 9
-31
What is -1304 (base 5) in base 12?
-150
-4 (base 5) to base 3
-11
36 (base 12) to base 6
110
Convert 17 (base 15) to base 11.
20
122 (base 3) to base 2
10001
What is 21202 (base 3) in base 7?
416
Convert -65 (base 8) to base 9.
-58
3 (base 12) to base 15
3
What is -112 (base 3) in base 7?
-20
What is -63 (base 8) in base 11?
-47
What is 224 (base 5) in base 11?
59
What is 21a (base 14) in base 16?
1a0
What is 10a (base 14) in base 3?
21122
48 (base 9) to base 7
62
What is 1c (base 13) in base 4?
121
-7 (base 10) to base 16
-7
Convert -110 (base 2) to base 15.
-6
Convert -332 (base 5) to base 13.
-71
What is -11101 (base 3) in base 9?
-141
1 (base 16) to base 5
1
182 (base 10) to base 9
222
2 (base 14) to base 12
2
Convert -60 (base 10) to base 2.
-111100
Convert 1d (base 15) to base 5.
103
Convert 6 (base 16) to base 7.
6
-26 (base 12) to base 14
-22
-246 (base 10) to base 8
-366
152 (base 6) to base 4
1010
-15 (base 12) to base 16
-11
-13 (base 4) to base 15
-7
-62 (base 7) to base 6
-112
-353 (base 9) to base 16
-123
What is -3 (base 16) in base 4?
-3
-15 (base 10) to base 15
-10
What is -16f (base 16) in base 7?
-1033
Convert 10 (base 8) to base 12.
8
What is -10 (base 11) in base 6?
-15
Convert 4 (base 8) to base 4.
10
-23 (base 8) to base 16
-13
Convert a (base 13) to base 14.
a
-243 (base 9) to base 16
-c9
Convert 1 (base 11) to base 9.
1
What is -220 (base 7) in base 10?
-112
What is 12 (base 14) in base 5?
31
Convert 5 (base 8) to base 5.
10
What is -4 (base 14) in base 6?
-4
What is 30 (base 5) in base 12?
13
Convert 13 (base 11) to base 10.
14
Convert -3 (base 16) to base 15.
-3
13 (base 4) to base 15
7
Convert -1 (base 5) to base 7.
-1
Convert -10 (base 4) to base 13.
-4
a9 (base 15) to base 8
237
What is 11101011 (base 2) in base 11?
1a4
8e (base 16) to base 15
97
What is 214 (base 6) in base 12?
6a
Convert -93 (base 14) to base 13.
-9c
Convert -13 (base 5) to base 4.
-20
Convert 2 (base 9) to base 15.
2
What is 110 (base 4) in base 8?
24
145 (base 15) to base 12
202
3f (base 16) to base 4
333
What is 1 (base 10) in base 13?
1
What is 4 (base 14) in base 6?
4
What is 1 (base 12) in base 6?
1
What is 3 (base 6) in base 8?
3
4 (base 5) to base 10
4
Convert 304 (base 8) to base 9.
237
What is 3 (base 16) in base 5?
3
What is 8 (base 14) in base 8?
10
14 (base 10) to base 3
112
Convert 3 (base 4) to base 14.
3
Convert -1 (base 11) to base 10.
-1
Convert 202 (base 5) to base 3.
1221
-a8 (base 12) to base 13
-9b
Convert 1 (base 8) to base 10.
1
2 (base 11) to base 13
2
What is -123 (base 4) in base 7?
-36
Convert -36 (base 11) to base 12.
-33
Convert 4 (base 12) to base 15.
4
What is 102 (base 10) in base 12?
86
-12 (base 16) to base 6
-30
-1002 (base 3) to base 16
-1d
What is 42 (base 8) in base 6?
54
What is 25 (base 14) in base 9?
36
Convert -12 (base 4) to base 15.
-6
Convert -1 (base 3) to base 9.
-1
Convert 2 (base 13) to base 4.
2
-15 (base 14) to base 4
-103
-3202 (base 4) to base 15
-101
Convert 2 (base 9) to base 11.
2
What is -31 (base 7) in base 8?
-26
-9 (base 12) to base 5
-14
3 (base 4) to base 12
3
What is 5 (base 9) in base 2?
101
3 (base 6) to base 7
3
What is 6 (base 16) in base 2?
110
What is b (base 12) in base 14?
b
What is 0 (base 13) in base 9?
0
a (base 12) to base 5
20
6b (base 12) to base 15
58
1a (base 14) to base 16
18
-10001111 (base 2) to base 14
-a3
55 (base 9) to base 5
200
What is -1 (base 9) in base 13?
-1
Convert 16 (base 14) to base 8.
24
20 (base 16) to base 9
35
Convert -13 (base 8) to base 14.
-b
Convert 1 (base 2) to base 12.
1
What is 3 (base 10) in base 4?
3
Convert 2 (base 12) to base 2.
10
What is -2 (base 11) in base 14?
-2
What is 0 (base 4) in base 11?
0
Convert 1 (base 9) to base 13.
1
616 (base 7) to base 14
17d
What is 8a (base 16) in base 4?
2022
Convert -1013 (base 5) to base 7.
-250
What is 2 (base 13) in base 4?
2
-10 (base 2) to base 13
-2
What is -23 (base 10) in base 2?
-10111
-16 (base 13) to base 12
-17
What is -3 (base 8) in base 10?
-3
What is 0 (base 6) in base 10?
0
What is 6 (base 10) in base 3?
20
Convert 3 (base 15) to base 6.
3
What is 0 (base 3) in base 12?
0
What is -c (base 16) in base 13?
-c
-3 (base 9) to base 2
-11
Convert -3e (base 16) to base 7.
-116
Convert -42 (base 5) to base 12.
-1a
-1 (base 8) to base 11
-1
What is -24 (base 8) in base 11?
-19
Convert -25 (base 7) to base 4.
-103
180 (base 10) to base 15
c0
1 (base 14) to base 12
1
What is 8 (base 13) in base 10?
8
6 (base 13) to base 7
6
Convert -100100110 (base 2) to base 6.
-1210
10 (base 9) to base 15
9
-1030 (base 4) to base 8
-114
Convert 1 (base 14) to base 15.
1
Convert -112 (base 3) to base 13.
-11
Convert -2 (base 4) to base 12.
-2
Convert 11212 (base 3) to base 10.
131
What is -1 (base 16) in base 4?
-1
What is 1 (base 8) in base 12?
1
1 (base 14) to base 15
1
64 (base 15) to base 13
73
Convert -2 (base 10) to base 15.
-2
-11 (base 2) to base 9
-3
Convert 304 (base 6) to base 9.
134
Convert 331 (base 5) to base 8.
133
What is 7 (base 14) in base 10?
7
73 (base 8) to base 11
54
Convert 11 (base 2) to base 10.
3
-52 (base 7) to base 11
-34
-8 (base 13) to base 9
-8
103 (base 5) to base 14
20
c (base 15) to base 9
13
Convert 48 (base 12) to base 8.
70
Convert 125 (base 6) to base 4.
311
6a (base 16) to base 3
10221
-163 (base 7) to base 11
-86
Convert 3 (base 14) to base 2.
11
Convert -93 (base 14) to base 9.
-153
What is -3 (base 10) in base 8?
-3
Convert a (base 12) to base 10.
10
11001 (base 2) to base 6
41
2 (base 6) to base 7
2
Convert 1033 (base 4) to base 11.
72
What is -68 (base 12) in base 15?
-55
-37 (base 15) to base 7
-103
-2 (base 8) to base 11
-2
What is 7 (base 8) in base 10?
7
Convert -2 (base 15) to base 11.
-2
What is 14a (base 13) in base 6?
1023
100 (base 12) to b